e
Let i = 5 + -9. Let d(p) be the second derivative of 3*p**4/4 - p**3/6 + p**2/2 + 4*p - 1. Is d(i) prime?
True
Suppose 0 = -2*v + 6, 0 = -4*q - 4*v - 1383 - 5097. Is 1*q/12*-4 a prime number?
True
Let k(c) = c**3 - 5 - c**2 + c**2 + 0 - c**2 + 3*c. Let n be k(3). Is 4/n + (-10455)/(-33) prime?
True
Let o(w) = 3 + 4*w - 35*w**2 - 22*w**2 - 16*w**2 + 22*w**2. Let y be o(-2). Let n = 432 + y. Is n prime?
True
Let s = 11969 + -816. Is s composite?
True
Suppose -1126 = 5*m + 389. Let y = 552 + m. Is y prime?
False
Suppose -29*g + s - 41489 = -32*g, -3*g + 41497 = 5*s. Is g prime?
True
Suppose u - 46 = 5*u - 2*g, 0 = -3*u + 2*g - 34. Let a be 12 + -5 + (0 - 4). Is (a/u)/((-2)/568) composite?
False
Let f(p) = -p**2 + 6*p + 1. Let y be f(6). Let s(u) = u**3 - u. Let k be s(y). Suppose 6*x + 127 = 3*n + x, k = -x - 5. Is n prime?
False
Let u be -2 + (-1)/((-2)/12). Suppose -u*v + 7*v - 9 = 0. Suppose 104 = 3*j + 2*p - 559, -v*j = -2*p - 663. Is j a prime number?
False
Let i(x) = -2*x - 5. Let h be i(-5). Suppose 5*s - 25 = 0, -m = -h*s - 422 - 260. Is m a composite number?
True
Let z = 13 - 13. Suppose 2*b + 554 = 2*c, 534 = 2*c + 2*b - z*b. Let d = -189 + c. Is d a composite number?
False
Let i = 162 + -227. Is (-4995)/i - 4/(-26) prime?
False
Let a(x) = -2*x - 8*x + 12*x**2 + x + 16*x - 7. Let w be 2/(-2)*(1 + -5). Is a(w) composite?
True
Suppose -14*r - 223725 + 648415 = 0. Is r a composite number?
True
Let d be -3*(-3 + 0 - -4). Let c = d - -3. Is c/(-1) + (73 - -6) composite?
False
Let s = 42554 - 25389. Suppose -5535 = 5*c - s. Is c prime?
False
Suppose 0 = -2*d - d + 12117. Suppose 4*u - 2*z = -7*z + 3227, -5*u - z + d = 0. Suppose -2*r - 5*i + 317 = 0, 7*i + u = 5*r + 4*i. Is r prime?
False
Let r(b) = 219*b**2 - 23*b + 7. Is r(-11) composite?
False
Let m(a) = -a**3 - a**2 + 108. Let z(j) = -j**2 - 8*j + 9. Let d be z(-9). Let u be m(d). Let q = 271 - u. Is q composite?
False
Suppose -3*q + 9572 = 4*k - 1376, -5*q = 5*k - 18240. Is (q*1)/(-2)*1/(-2) a composite number?
False
Suppose -185 = -r + 516. Suppose 5*s - 3505 = 2*u, -11*u + 10*u = -s + r. Is s composite?
False
Let s = 4 - 1. Let k be 1844/s - 8/12. Is k/2*(-4 + 5) prime?
True
Is ((-4595)/2)/(40/(-80)) prime?
False
Is 22732/5 - 120/(-200) composite?
False
Is (6/2)/((-23121)/(-11547) - 2) a composite number?
False
Is -77*(-15)/165 + -1 + 33535 a prime number?
False
Let k(o) = -o**2 - 2*o + 14. Let v be k(-4). Suppose 0 = -2*u - 5*p + 171, 0 = -4*p + 2*p - v. Is u prime?
False
Let c be 51/45 + 8/(-60). Let j be ((-4)/(4/3))/c. Is j + 339 - -1 - -4 prime?
False
Suppose -z - 13245 = -6*z - 4*d, 5*z - 5*d - 13290 = 0. Is z composite?
True
Let j(c) = 77*c - 8. Let m(l) = -116*l + 12. Let q(f) = -7*j(f) - 5*m(f). Let n(x) = 42*x - 5. Let z(p) = 3*n(p) - 4*q(p). Is z(-2) prime?
False
Suppose 4*u = 12, z = -0*z + 4*u - 22. Let c = 0 - z. Is c composite?
True
Suppose 5*o - 11 = 9. Let y(x) = -4*x + 5*x**2 + 0 + 2*x + 2 + o*x. Is y(6) composite?
True
Let x(z) = -3*z**3 - 9*z**2 - 8*z + 7. Suppose 0 = -d + 3 - 2. Let a be d - 9 - 0/7. Is x(a) a composite number?
False
Let q be (-336)/40 + (-2)/(-5). Let t(u) = -u**3 - 5*u**2 + 6*u - 8. Let g be t(q). Suppose -4*d + 2*a + g = 0, d + 0*a - 2*a - 37 = 0. Is d a composite number?
True
Let r be 4/(-6)*(-273 + -3)/1. Let m = 365 - r. Is m a composite number?
False
Suppose 2*w + d = -3*w + 7, -25 = -5*w + 5*d. Suppose 5*c - 565 = -h + 29, 0 = 3*c - w*h - 346. Is c composite?
True
Suppose -66735 = -7*x - 15236. Is x composite?
True
Let x be 90/((-5)/(-2) - 1). Suppose -4*c + x - 20 = 0. Is 2574/10 + c/(-25) a prime number?
True
Let w be (-22)/33 - (-226)/6. Suppose 251 = w*h - 36*h. Is h a composite number?
False
Suppose 10 = -4*j + 9*j, -4*u = -2*j - 178008. Is u composite?
True
Suppose 113*d - 73110 = 98*d. Is d a composite number?
True
Suppose g - 467 = 6. Suppose -4*q + g + 515 = 0. Suppose 3*z - 2420 = q. Is z composite?
True
Suppose 0 = -4*d + 19 + 21. Suppose -9*a = -d*a + 85. Is a a prime number?
False
Suppose -2*j - 171 = -5*s, 54 = -j + 5*s - 29. Let h = j - -485. Is h a prime number?
True
Suppose 476*u = 469*u + 135107. Is u prime?
True
Suppose 75 + 24 = 3*h. Suppose -a - h + 246 = 0. Is a a prime number?
False
Let h be (-4)/(-18) + (-112)/18. Let i(v) = -71*v - 7. Is i(h) a composite number?
False
Suppose b - 18542 = -3*p + 2*p, b = 4*p - 74153. Is p a prime number?
True
Let i(o) = 13*o**3 - 15*o**2 + 25*o - 66. Is i(7) a prime number?
True
Suppose 5*u + 9 = 19. Suppose u*s = 203 + 17. Suppose 0*c = -2*c + s. Is c composite?
True
Suppose -1055 = 31*b - 35248. Is b a prime number?
True
Is 5908 + -3 + (-11 - -12) composite?
True
Is ((-40)/(-40))/((-2)/(-21572)) prime?
False
Is 48/132 + 277867/11 a composite number?
False
Suppose 4*w + 3*k = 445, -3*w - 2*k = k - 336. Is w a composite number?
False
Let g = -7 + -487. Let f = g - -903. Is f prime?
True
Let b(g) = 9*g**2 - 15*g - 13. Let k be b(11). Let u = 1524 - k. Is u composite?
False
Suppose -x - 3*x + 11952 = 0. Is x/48 - (-2)/(-8) a composite number?
True
Suppose 4*i + 4*v - 14 = 3*v, 3*i + 5*v = 2. Suppose 3*t - t + 5438 = 4*c, i*t = c - 1349. Is c composite?
False
Suppose 18*j = 13*j - 4*k + 35605, 28484 = 4*j + 2*k. Is j composite?
False
Suppose 0 = -5*s - 4*w + 61, 4*w = -2*s + 29 + 5. Is (s/(-3))/9*-249 composite?
False
Let t(o) = -8*o + 4. Let b be t(3). Let q = -18 - b. Is ((-2)/(-1)*191)/q a composite number?
False
Let o(i) = 7*i**2 + 7 + 26*i**2 + 0*i + 0*i**2 + 15*i. Is o(6) composite?
True
Let y be 5*18/(-15)*1. Let d(m) = m**2 + m - 1. Let o(z) = -9*z**2 + 1. Let k(g) = y*d(g) - o(g). Is k(8) composite?
False
Let q(s) = 30*s**2 + 0*s + 7 - 47*s**2 + 28*s**2 - s - s**3. Is q(-4) a composite number?
False
Let i(s) = 23*s**2 - 7*s + 43. Suppose -10*p - 5*p + 120 = 0. Is i(p) composite?
False
Let l(c) = 9*c**2 - 35*c + 215. Is l(42) a composite number?
False
Suppose 4180 = 3*r + 2*r. Suppose -5*f = 3*u - 1840, 5*u - r + 119 = -2*f. Is f a prime number?
False
Suppose 5 = -d - 4*k, 0*d - 5*k = -4*d + 22. Let b(l) = 0*l + 10*l**3 + 4*l - 3*l**2 + l - 7. Is b(d) a composite number?
False
Suppose -1864 = -7*w + 6627. Is w a composite number?
False
Suppose -3 - 6 = -3*g. Is 23 - (g/4 + 78/24) a prime number?
True
Let v = -63 + 68. Is 4*v/20 - -661 prime?
False
Suppose -4*z + h + 4067 = 11329, -4*h = -8. Let q = z - -3160. Suppose -2 - q = -3*t. Is t composite?
False
Suppose 63 = 7*g - 189. Suppose 4*f = -g + 1824. Is f a composite number?
True
Let y be ((-4)/(-3))/((-1)/6). Let i(w) = 3 + 33*w - 61*w - 123*w. Is i(y) a composite number?
True
Suppose -4218 = -6*b + 1404. Is b composite?
False
Let q = -324 - -1235. Is q composite?
False
Let x(i) = i**3 - 22*i**2 + 18*i + 21. Let m be x(22). Suppose -d + 2*d = -290. Let n = m + d. Is n composite?
False
Let d = 2 + 0. Let a = -180 + 180. Suppose -d*b + 98 - 28 = a. Is b prime?
False
Let z be (-40)/(-16)*(-12)/(-10). Suppose z*n - 14072 = -5*n. Is n composite?
False
Let g = 1461 + -713. Let f be (-4)/(-14) + g/77. Let p = 147 + f. Is p composite?
False
Suppose h - 1 = 3. Suppose 0 = h*j - 1426 + 222. Suppose 469 = 3*n + 4*v, -2*v + 7*v - j = -2*n. Is n prime?
True
Let n = 11 - 3. Suppose -m - 3*m = n. Is ((-44)/(-12))/(m/(-102)) composite?
True
Let p(z) = -z**2 + 4*z + 4. Let h be p(4). Suppose 0 = x - 4*v - 771, -5*x = v - h*v - 3889. Is x a prime number?
False
Let d = 484 + 238. Let y = -331 + d. Is y prime?
False
Let j(u) be the second derivative of 5*u**4/12 - u**3/3 - 3*u**2 + 3*u. Let x be j(-6). Let n = x + -128. Is n composite?
True
Let i be (-2)/(8/(-2850)) - (-2)/(-4). Suppose -2*t - 186 = -i. Is t a prime number?
True
Let i be 2/(-2)*(-7 + 6). Let c(v) = 79*v - 5. Is c(i) a composite number?
True
Let u = 15 - 19. Let r = u + -2. Is (-2)/r - 152/(-12) composite?
False
Let k(c) = 47*c**2 - 33*c - 47. Is k(-5) composite?
True
Suppose -4*w + 57 = 2*h + 3*h, 15 = 3*h. Suppose -4*f + 9*f - 4*b = -18, -5*b + w = f. Is -237*(f + 3)*-1 prime?
False
Let q(p) = p**3 + 34*p**2 - 62*p + 84. Is q(-31) composite?
False
Let c = -301 + 443. Suppose 0 = -147*j + c*j + 5305. Is j a prime number?
True
Let x = 0 + 3. Let j = 25 + -25. Is (7 + j)/(x/69) composite?
True
Suppose 31 = 12*p - 1013. Is p a prime number?
False
Suppose 4*x + 306 + 1353 = 5*